{"id":12,"date":"2021-02-15T23:50:49","date_gmt":"2021-02-15T23:50:49","guid":{"rendered":"https:\/\/confrontiassisi.it\/?page_id=12"},"modified":"2021-04-01T15:47:49","modified_gmt":"2021-04-01T15:47:49","slug":"chi-siamo","status":"publish","type":"page","link":"https:\/\/confrontiassisi.it\/index.php\/chi-siamo\/","title":{"rendered":"Chi siamo &#8211; Istruzioni"},"content":{"rendered":"\n<div class=\"wp-block-image\"><figure class=\"aligncenter size-large is-resized\"><img loading=\"lazy\" src=\"https:\/\/confrontiassisi.it\/wp-content\/uploads\/2021\/03\/IMG-20190527-WA0023-e1616078634789-1024x228.jpg\" alt=\"\" class=\"wp-image-655\" width=\"1123\" height=\"249\" srcset=\"https:\/\/confrontiassisi.it\/wp-content\/uploads\/2021\/03\/IMG-20190527-WA0023-e1616078634789-1024x228.jpg 1024w, https:\/\/confrontiassisi.it\/wp-content\/uploads\/2021\/03\/IMG-20190527-WA0023-e1616078634789-300x67.jpg 300w, https:\/\/confrontiassisi.it\/wp-content\/uploads\/2021\/03\/IMG-20190527-WA0023-e1616078634789-768x171.jpg 768w, https:\/\/confrontiassisi.it\/wp-content\/uploads\/2021\/03\/IMG-20190527-WA0023-e1616078634789.jpg 1592w\" sizes=\"(max-width: 1123px) 100vw, 1123px\" \/><\/figure><\/div>\n\n\n\n<p class=\"has-text-align-center has-vivid-red-color has-text-color\" style=\"font-size:41px\"><strong>ConfrontiAssisi<\/strong><\/p>\n\n\n\n<p class=\"has-text-align-center has-black-color has-text-color\" style=\"font-size:24px\"><strong>Spazio on line di politica locale<\/strong><\/p>\n\n\n\n<p class=\"has-text-align-left has-black-color has-text-color\"><strong>ConfrontiAssisi <\/strong>\u00e8 uno spazio per consentire uno scambio ragionato sulle politiche locali del territorio assisano. \u00c8 una pubblicazione on line di articoli raccolti per data.<\/p>\n\n\n\n<p class=\"has-black-color has-text-color\">Non \u00e8 una lista elettorale, non \u00e8 un soggetto politico, n\u00e9 ha come scopo la formazione di una qualche linea politica condivisa, ma solo quello di favorire la rappresentazione pi\u00f9 larga possibile di diverse prospettive ed analisi politiche, di fornire studi e apporti di esperti, di raccogliere esigenze significative della cittadinanza. Star\u00e0 eventualmente ai soggetti politici organizzati prendere o meno in considerazione quanto sar\u00e0 prodotto.<\/p>\n\n\n\n<p class=\"has-black-color has-text-color\">Nasce dall\u2019esigenza di creare uno spazio dove poter dialogare sul governo della comunit\u00e0 locale, dopo aver constatato che, di fatto, non ci sono pi\u00f9 luoghi aperti e condivisi di incontro dove si possano scambiare vedute, progetti e analisi. E laddove questi luoghi si aprono, rimangono esclusivamente nell\u2019ambito della dimensione mediatica, che impone ad ogni contenuto la propria natura di brevit\u00e0, temporaneit\u00e0 e semplificazione.<\/p>\n\n\n\n<p class=\"has-black-color has-text-color\">Nessun contenuto complesso trova spazio nella dinamica della comunicazione corrente, dei social media, poich\u00e9 la connotazione impressa da questi ai contenuti ne esige la delimitazione sull\u2019attualit\u00e0 con eventuale annessa ed altrettanto istantanea reazione.<\/p>\n\n\n\n<p class=\"has-black-color has-text-color\">Ma la politica necessita dell\u2019elaborazione del complesso, della reperibilit\u00e0 di queste elaborazioni, del confronto ponderato delle stesse, pur nella differenza dei principi e valori di riferimento che sono alla base di ogni diversa appartenenza e visione politica.<\/p>\n\n\n\n<p class=\"has-black-color has-text-color\">Uno scambio proficuo e virtuoso di opinioni e approfondimenti non pu\u00f2 essere ricercato nella sequenza cronologica del flusso dei post o dei comunicati stampa, ma ha bisogno della stabilit\u00e0 e reperibilit\u00e0 dei contenuti, e pertanto della composizione degli stessi all\u2019interno di una struttura che ne faciliti accesso e identificazione.<\/p>\n\n\n\n<p class=\"has-black-color has-text-color\">\u00c8 per questo che il luogo pubblico, facilmente accessibile da chiunque, non pu\u00f2 che essere, nelle attuali condizioni storico-sociali, un <strong>sito web<\/strong> dove possano essere trattate le tematiche che costituiscono i nodi di confronto politico.<\/p>\n\n\n\n<p class=\"has-black-color has-text-color\">Queste tematiche le abbiamo raccolte come macro-aree nelle voci di menu, sotto cui si aprono sottosezioni con la tecnica del menu a tendina.<br>Al momento della prima pubblicazione, le <strong>macro-aree\/sezioni <\/strong>e<strong> sottosezioni<\/strong> individuate, ma destinate ad aumentare in relazione a nuovi temi, sono:<br><strong>Politica<\/strong><br><strong>Interventi.<\/strong> Contributi di visone generale non assimilabili a sezioni specifiche n\u00e9 all\u2019ambito politico in senso stretto<br><strong>Cultura e Turism<\/strong>o. Sottosezioni: Arte, Musei<br><strong>Economia<br>Urbanistica<br>Scuola e Formazione<br>Societ\u00e0<\/strong>. Sottosezione: Sanit\u00e0<br><strong>Dati e Statistiche<\/strong>. Vi si raccoglieranno i dati che si produrranno nel corso di ricerche volte a costituire una attendibile fonte di informazione su cui basare le proprie analisi. Sottosezioni: Dati e Statistiche (D.S.) politica, Dati e Statistiche (D.S.) turismo<br><strong>Documenti.<\/strong> Vi confluiranno nel tempo documenti istituzionali utili per la comprensione del funzionamento dell\u2019amministrazione. Sottosezione: Comune di Assisi<br><strong>Tutti i numeri<\/strong>. Nel men\u00f9 a tendina apparir\u00e0 la sequenza delle varie date di publicazione.<\/p>\n\n\n\n<p class=\"has-black-color has-text-color\">Essendo fondamentale, nelle intenzioni dei promotori, lo scambio delle prospettive e delle analisi, va da s\u00e9 che questo non pu\u00f2 che basarsi sulla differenza, divergenza ed anche conflitto di quanto espresso. Ma proprio questa dinamica dei confronti costituisce l\u2019elemento arricchente di ogni singola opinione che in questo scambio trova la propria fondatezza o la propria smentita o che comunque offre al pubblico dibattito risorse differenti per la formazione di un proprio giudizio.<\/p>\n\n\n\n<p class=\"has-black-color has-text-color\">Si richiederanno di volta in volta contributi su temi specifici a chi si ritiene rappresentativo di una specifica visione o di una particolare competenza.<br><strong>Criteri di stesura<\/strong><br>Tutti i testi dovranno rispondere ad un criterio di stesura che tenga conto di alcuni principi ritenuti importanti:<br>\u2022 <strong>Temi<\/strong>. I temi trattati nei contributi dovranno afferire alle macro aree sopra elencate<br>\u2022 <strong>Argomentazione<\/strong>. Le opinioni espresse dovranno essere opportunamente argomentate e giustificate e non essere semplicemente basate su una sequenza di affermazioni<br>\u2022 <strong>Documentazione<\/strong>. Si dovr\u00e0 fornire, nei limiti del possibile e del tema trattato, una opportuna documentazione a sostegno di quanto sostenuto<br>\u2022 <strong>Propositivit\u00e0<\/strong>. Il tono dovr\u00e0 essere propositivo e non di pura contrapposizione. La contestazione di altrui posizioni, dovr\u00e0 comunque essere basata su principi di argomentazione e documentazione.<br>\u2022 <strong>Nessuna propaganda<\/strong>. Non sar\u00e0 pubblicato alcun testo di semplice propaganda elettorale.<\/p>\n\n\n\n<p class=\"has-black-color has-text-color\"><strong>Diffusione dell\u2019iniziativa.<\/strong><br>La pubblicizzazione di nuovi numeri del magazine, avverr\u00e0 attraverso comunicati su testate web e su gruppi locali nei social media.<br><strong>Pagina Facebook dedicata<\/strong>.<br>Sar\u00e0 aperta la pagina Facebook ConfrontiAssisi, in cui saranno pubblicati gli abstract degli articoli rimandando al sito per la loro versione integrale. La pubblicazione di questi post non va intesa come l\u2019avvio di un dibattito on line.<\/p>\n\n\n\n<p class=\"has-black-color has-text-color\">Recapiti: mob. 335-8049827 &#8211; mail  <a href=\"http:\/\/info@confrontiassisi.it.\">info@confrontiassisi.it<\/a><\/p>\n\n\n\n<p class=\"has-black-color has-text-color\"><strong>I promotori<\/strong><br>Paolo Ansideri, Fondatore Associazione Oicos riflessioni, co-organizzatore Cortile di Francesco Assisi, Festa di Scienza e Filosofia Foligno<br>Alessio Antonielli, Responsabile organizzazione eventi Basilica San Francesco, Assisi<br>Gabriele Caldari, Esperto di marketing turistico e revenue managemet<br>Sandro Elisei, Psichiatra, Docente di Psichiatria presso l&#8217;Universit\u00e0 degli Studi di Perugia, Direttore Sanitario dell&#8217;Istituto Serafico di Assisi<br>Enrico Sciamanna, Critico d&#8217;arte di Micropolis<\/p>\n\n\n\n<p class=\"has-text-align-center has-vivid-red-color has-text-color\" style=\"font-size:25px\"><strong>Istruzioni per compilazione articoli e su men\u00f9<\/strong> <strong>sito<\/strong><\/p>\n\n\n\n<p class=\"has-black-color has-text-color\"><strong>Compilazione articoli<\/strong><\/p>\n\n\n\n<ul class=\"has-black-color has-text-color\"><li><em>Richieste di pubblicazione<\/em>. Eventuali richieste di pubblicazione di propri contributi potr\u00e0 essere inoltrata a <a href=\"http:\/\/info@confrontiassisi.it.\/\">info@confrontiassisi.it.<\/a> La redazione valuter\u00e0 per la pubblicazione, non il merito degli stessi, ma la sola rispondenza ai criteri di stesura sopra indicati.<\/li><li><em>Titolo e sottotitolo<\/em>. I testi devono avere tutti un titolo e un sottotitolo, per un totale massimo di 100 battute<\/li><li><em>Lunghezza.<\/em> La lunghezza minima \u00e8 di 2.000 battute senza un limite superiore. Il testo che supera le 2.000 battute verr\u00e0 pubblicato per intero in pdf.<\/li><li><em>Impaginazione<\/em>. Per aumentare la leggibilit\u00e0, l&#8217;articolo va scansionato in paragrafi, con relativi titoli, suddivisi quindi in ulteriori blocchi senza titolo. Se necessario si pu\u00f2 inserire un indice all&#8217;inizio del testo.<\/li><li><em>Abstract per sito e comunicazione singola<\/em>. Per gli articoli che superano 2.000 battute inviare un abstract proporzionato alla lunghezza del testo, compreso tra un minimo di 1.000 ed un massimo di 2.000 battute. Sar\u00e0 pubblicato direttamente sul sito come presentazione dell\u2019articolo e per la comunicazione singola alla stampa e sui social.<\/li><li><em>Abstract comunicazione collettanea<\/em>. Inviare un abstract di minimo 400 e massimo 500 battute per la presentazione collettanea a stampa e sui social.<\/li><li><em>Riassunto<\/em>. Inviare un riassunto di massimo 190 battute che verr\u00e0 pubblicato in home page nella posizione di riassunto di ogni articolo.<\/li><li><em>Esempi<\/em>. Vedere come esempio gli articoli gi\u00e0 pubblicati.<\/li><\/ul>\n\n\n\n<p class=\"has-black-color has-text-color\"><strong>Istruzioni men\u00f9<\/strong> <strong>sito<\/strong><br>Cliccando sulla sezione\/macroarea comparir\u00e0 l\u2019elenco di tutti gli articoli di tutte le sottosezioni. Cliccando sulle sottosezioni appariranno solo gli articoli appartenenti alla stessa.<\/p>\n","protected":false},"excerpt":{"rendered":"<p>ConfrontiAssisi Spazio on line di politica locale ConfrontiAssisi \u00e8 uno spazio per consentire uno scambio ragionato sulle politiche locali del territorio assisano. \u00c8 una pubblicazione on line di articoli raccolti per data. Non \u00e8 una lista elettorale, non \u00e8 un soggetto politico, n\u00e9 ha come scopo la formazione di una qualche linea politica condivisa, ma [&hellip;]<\/p>\n","protected":false},"author":1,"featured_media":655,"parent":0,"menu_order":0,"comment_status":"closed","ping_status":"closed","template":"template\/fullwidth.php","meta":[],"_links":{"self":[{"href":"https:\/\/confrontiassisi.it\/index.php\/wp-json\/wp\/v2\/pages\/12"}],"collection":[{"href":"https:\/\/confrontiassisi.it\/index.php\/wp-json\/wp\/v2\/pages"}],"about":[{"href":"https:\/\/confrontiassisi.it\/index.php\/wp-json\/wp\/v2\/types\/page"}],"author":[{"embeddable":true,"href":"https:\/\/confrontiassisi.it\/index.php\/wp-json\/wp\/v2\/users\/1"}],"replies":[{"embeddable":true,"href":"https:\/\/confrontiassisi.it\/index.php\/wp-json\/wp\/v2\/comments?post=12"}],"version-history":[{"count":71,"href":"https:\/\/confrontiassisi.it\/index.php\/wp-json\/wp\/v2\/pages\/12\/revisions"}],"predecessor-version":[{"id":1006,"href":"https:\/\/confrontiassisi.it\/index.php\/wp-json\/wp\/v2\/pages\/12\/revisions\/1006"}],"wp:featuredmedia":[{"embeddable":true,"href":"https:\/\/confrontiassisi.it\/index.php\/wp-json\/wp\/v2\/media\/655"}],"wp:attachment":[{"href":"https:\/\/confrontiassisi.it\/index.php\/wp-json\/wp\/v2\/media?parent=12"}],"curies":[{"name":"wp","href":"https:\/\/api.w.org\/{rel}","templated":true}]}}